(n) = -3*n**2 - n - 2. Suppose -l = 2, -10*g - 2*l + 16 = -14*g. Let v(w) = -25*w**2 - 5*w - 11. Let d(a) = g*f(a) + v(a). What is d(-1)?
-11
Let h(q) = 2*q**2 + 10*q + 1. Suppose 5*z = 31288 - 31313. What is h(z)?
1
Let k(o) = 2*o**2 + 12*o - 3. Suppose -487*c + 618*c + 786 = 0. Give k(c).
-3
Let n(q) = 3*q - q**3 - 2*q**2 + 6*q**2 - 8*q**2 + 1. Suppose -5 = u - 3. Let y be 84/(-16) - u/8. What is n(y)?
11
Let a(s) = 2 + 4080*s + 4084*s - 8165*s + s**3 + s**2. Suppose -3*k + 3 = -0. Suppose -p - 1 = k. Determine a(p).
0
Let p(s) be the first derivative of -s**3/3 + s**2 + 13*s - 402. Calculate p(-3).
-2
Let m(h) be the first derivative of -h**5/40 - h**4/6 - 3*h**3 - h + 23. Let k(l) be the third derivative of m(l). Give k(-3).
5
Let v = -526 + 528. Let f(b) = -4708*b - 3 + 6 + 2*b**v + 4711*b. Determine f(-3).
12
Let p = -28 + 43. Let a = p - 7. Let n be -2 - -10*(3 - 20/a). Let u(d) = 2*d + 4. Calculate u(n).
10
Let y(a) = 4*a**2 - 48*a + 113. Let m(p) = -p**2 + 15*p - 37. Let s(i) = -10*m(i) - 3*y(i). Determine s(3).
-5
Suppose -10*j = 1463 - 353. Let m = j + 105. Let q(c) = -1 - 7*c**2 - 4 - 1 - 7*c - c**3. What is q(m)?
0
Let u = -117 + 69. Let f = u - -44. Let q be (-2)/9 - (f/(-18))/(-1). Let t(a) = -a - 4. What is t(q)?
-4
Let p(v) = v**2 + 15*v - 157. Suppose 94*m = 879 - 221. What is p(m)?
-3
Let s be (-197 - -200)/(1/40*6). Let y(g) = -g + 26. Determine y(s).
6
Let n(p) = 2*p - 1 - 6*p + p**2 + 0. Suppose 6*r - r = -1960. Let q = 394 + r. Give n(q).
-5
Let j(z) = z + 22. Let n = -71 + 73. Let m be ((-104)/78)/(n/15). What is j(m)?
12
Let w be 450/(-27)*(-18)/10. Let r(q) = 9 - 64*q + 16 + w*q + 33*q - 8. Calculate r(11).
6
Let h(a) = 2*a**2 + 5*a - 1. Let o(c) = -c**2 - 6*c + 1. Suppose 1 = 2*f + 1. Suppose f = -3*s - 11 + 2. Let w(u) = s*o(u) - 4*h(u). Calculate w(-2).
-15
Let w(c) = -10*c**2. Let o = -20 + 26. Suppose 17*f + o = 11*f. Calculate w(f).
-10
Let u(o) = 1. Let q(m) = 0*m - 3*m + 284 - 138 - 145. Let v(g) = -q(g) - 4*u(g). Let a(x) = 10*x - 17. Let c(i) = -2*a(i) + 7*v(i). Give c(4).
3
Let n be ((-66)/(-12))/11*14. Let r(t) = 11*t**3 - 13*t**2 - 25*t + 24. Let s(c) = 4*c**3 - 4*c**2 - 9*c + 8. Let o(j) = 3*r(j) - 8*s(j). Calculate o(n).
-13
Let w(p) = -p**3 + p**2 + 5*p + 7. Suppose 224 = 8*v - 14*v - 106*v. What is w(v)?
9
Let n(k) be the third derivative of -k**4/24 - 3*k**3/2 + 2*k**2. Suppose -3*w + 5*u - 7 = 4*u + 15, 14 = 2*u. Calculate n(w).
-4
Let z(v) be the third derivative of 116*v**2 + 0 - 2/3*v**3 - 1/8*v**4 + 0*v. What is z(-3)?
5
Suppose -5*w + 5*t = -25, -2*w - t = 34 - 29. Suppose a + 2*s = w, 2*a + 5*s + 27 = 4*a. Let i(h) = -h**2 + 6*h - 8. What is i(a)?
-8
Let x = 8956 + -8960. Let j(y) = -4 - 3*y - 1 + 5*y**3 - 4*y**3 + 4*y**2. Calculate j(x).
7
Let f(x) = -2*x + 55. Let l = -25977 - -25977. Give f(l).
55
Let z(f) = -f - 1. Let q(k) = 8*k + 6. Let l(d) = q(d) + 6*z(d). Let s(c) = 20 - 6*c**2 - 12 + 15*c**2 - c**3 - 15 + 23*c. Let x be s(11). What is l(x)?
8
Suppose -b + 35 = -0*b + y, b - 35 = -3*y. Let v(p) be the first derivative of -b*p**2 + 13*p**2 - 8 + 18*p**2. Calculate v(2).
-16
Let u(n) = -5*n**2 + 8*n + 13 + 3*n**2 - 9. Let a be u(5). Let x(k) = k**3 + 6*k**2 - 2*k - 4. What is x(a)?
8
Let i be ((-25)/(-5))/5 - 1. Suppose -4*z = -5*r - 4 + 16, -2*z - 5*r + 24 = i. Let k(h) = -2 + 4*h**2 - 3*h**2 + 10 + z + 12*h. Calculate k(-11).
-1
Let o(i) = 19*i + 0 - 6 + 12*i - 22 + 45. Determine o(-5).
-138
Let b(n) = -20*n + 549. Suppose -2319*q - 3*m = -2317*q - 45, -5*q + 129 = 2*m. Give b(q).
9
Let p = 95 - 100. Let s(c) be the third derivative of c**5/120 + 11*c**4/24 - 16*c**3/3 + 17*c**2. Let l(z) be the first derivative of s(z). Calculate l(p).
6
Let m be 2*6*(-12)/(-18). Let v(t) = t**2 - 183 + 5*t**2 + 179 + 0*t**2 + 8*t - 8*t**2 + t**2. Determine v(m).
-4
Let g(w) = 10*w + 33. Suppose -528 = 345*v - 257*v. Determine g(v).
-27
Let p(j) = j**2 - 47*j - 94. Let l = -22863 + 22861. Calculate p(l).
4
Let a(z) = -3*z**3 + 11*z**2 + 59*z - 105. Let r be a(6). Let c(y) = y**3 - 4*y**2 + 4*y + 13. Determine c(r).
-62
Let t = -797 + 801. Let x(d) = -d**2 + 7*d - 13. What is x(t)?
-1
Let h(b) be the first derivative of 8*b**2 + 64*b - 13419. What is h(-4)?
0
Let m(j) = 57*j**2 + 2*j - 3. Suppose 28*d + 21*d - 7 = 42*d. What is m(d)?
56
Let g(y) = -y + 0*y - 2*y. Suppose 520 - 196 = -4*q + 4*z, 5*q + z + 405 = 0. Let w = 79 + q. Calculate g(w).
6
Let p(o) be the third derivative of -203*o**2 + 0 + 1/120*o**6 + 0*o + 1/6*o**3 + 1/24*o**4 + 1/6*o**5. Calculate p(-10).
-9
Let c(d) = -d**3 - 10*d**2 - 22*d - 24. Let u be -22 + (13 + 19 - 17). What is c(u)?
-17
Suppose -3*g - 3 = -4*g. Let c = -3448 + 3484. Suppose g*l = 5*q + 21, 4*q = -0*q - 4*l - c. Let u(z) = -z**3 - 7*z**2 - 6*z + 4. Determine u(q).
4
Suppose -147 = -6*d + 2*d - 7*u, 0 = -d - 5*u + 40. Let w(s) = s**2 - 33*s - 64. Give w(d).
6
Let p(j) = 14*j**2 + 15*j + 9. Let b(m) = 5*m**2 + 5*m + 3. Let r(n) = 11*b(n) - 4*p(n). Suppose -q + 59 = 9. Let w = 46 - q. What is r(w)?
1
Let k(y) = -5*y**2 + 4*y - 44. Let i(s) = 3*s**2 - s + 48. Let q(h) = 3*i(h) + 2*k(h). Determine q(9).
20
Suppose 165*w - 152*w - 130 = 0. Let u(b) = 3*b - 30. What is u(w)?
0
Let p(f) = f**2 + 5*f - 4. Suppose 29*g = 31*g - 12. Suppose -3*k + 9 = -g*k. Let y be 6/(-9) - 11/k. Determine p(y).
20
Let w(a) = -35*a. Suppose 3*k - 5*t = -13, k + 5*t - 5 = 6*k. Suppose -23*y + 19*y + k = 0. What is w(y)?
-35
Let y = 9 + -9. Suppose -t + n = -3*n - 26, t + 3*n + 9 = y. Let j(l) = -3 + t - 8*l - 3*l**3 - l + 4*l**3 - 5*l**2. Give j(6).
-15
Let z(g) = -54*g - 1347. Let s be z(-25). Let y(h) = h**2 - 2*h - 4. Let a(f) = 3*f**2 - 6*f - 13. Let x(q) = 2*a(q) - 7*y(q). Give x(s).
-1
Let z be 6/15 - 140/(-25). Suppose z*k = 6 + 12. Let a(x) = -1 + x**k + 106*x**2 - 111*x**2 + 4*x - 4. Determine a(4).
-5
Let u(h) = -2*h + 18. Let n be u(4). Suppose 2*q - w - n = 4, 5*w = 3*q - 35. Let k(p) = 21*p + q + 28*p - 45*p. What is k(-4)?
-11
Let m(l) be the second derivative of l**5/20 + l**4/6 - l**3/2 - l**2 + 4354*l. Let p = -17 + 14. Calculate m(p).
-2
Let s(n) = 11*n**3 + 2*n**2 - 3*n. Suppose 3*g - 15 = -2*x, 3*x + 0*x = -2*g + 20. Calculate s(g).
10
Let g = -20 - -30. Let o(k) = k**2 - 87 + 133*k - 140*k + 63. Determine o(g).
6
Let w(a) = -a - 4. Suppose 0 = -15*f + 2*f. Let p(h) = 4*h + 1. Let o be p(1). Suppose f*b = -o*b. Determine w(b).
-4
Let u = 99 + -149. Let d be u/40*8/(-2). Let s(q) = -q**2 + 7*q - 5. Calculate s(d).
5
Let q be 24/(-20)*(7 - 11/33). Let h(w) = -9*w**2 - 67*w - 10. Give h(q).
-50
Let p(j) = 1490*j + 11927. Let l be p(-8). Let q(y) = -y**3 + y**2. Let r(f) = -3*f**3 - 3*f**2 - 3. Let d(m) = 4*q(m) - r(m). Calculate d(l).
3
Let m(q) = 4*q - 2. Let n = 36 + -32. Suppose -3*u - n = -5*u. Suppose u = -3*x + 8. Calculate m(x).
6
Let s(m) = 8*m - 46. Let c be s(6). Suppose 0 = f - c*z - 10, 5*z + 2 = -5*f + 2*z. Let w(h) = -5*h**2 + 2*h + 2. Give w(f).
-14
Let s be -4*(48/8 + -8). Let i(w) = 2*w**2 - 14*w + 3. Determine i(s).
19
Suppose -2*h - h + 297 = 0. Let l = h - 92. Let t(s) = s**2 - 8*s - 1. Calculate t(l).
-8
Suppose -h - 5*t - 3 - 2 = 0, -15 = 3*h + t. Let u(n) = 2 - 5143*n**3 + 7*n + 4 - 4*n**2 + 5142*n**3. Determine u(h).
-4
Suppose -17*h - 97 + 192 = 2*h. Let g(s) be the third derivative of -5*s**4/24 - s**3/2 - s**2. Calculate g(h).
-28
Let q(l) be the first derivative of -l**3/3 + 5*l**2/2 - 5*l + 1. Let t be -34 + 44 + -18 - (-10 + -2). Determine q(t).
-1
Let i(d) = d - 23. Let c(g) = 2*g**2 + 23*g + 68. Let m be c(-6). Suppose 0 = 5*y + 4*z - 68, 8*y + m*z = 5*y + 42. Give i(y).
-7
Let a = -59 + 62. Suppose 3*l = -a*n + 6, 0*l + 4 = -2*l. Let g(s) = -s**3 + 2*s**2 + 8*s. Determine g(n).
0
Let g be -6 + -4*33/(-4). Let d(y) = y - g - 29 + 50. What is d(7)?
1
Let q be (24/10)/((-6)/(-20)). Let d(w) be the second derivative of -w**4/12 + 3*w**3/2 + 7*w. Determine d(q).
8
Let n(i) be the second derivative of -i**3/3 - 24*i**2 - 24*i + 2. Determine n(-14).
-20
Let j(z) = -46*z + 422. Let g be j(9). Let a(l) = l**2 + l - 2*l**2 - 1 + 7*l. What is a(g)?
-1
Let t = 75 - 51. Let u be (-3)/(-1)*(-8)/t. Let o(r) be the second derivative of -r**5 - r**4/6 - r**3/3 - r**2/2 - 4*r. Determine o(u).
19
Let t be (-4)/3 + (15/(-9) - -2). Let s be (-6 + 6)/(t + 0). L